t is 2110022010 - 12121201?
2020200102
In base 2, what is -100 - -1110001110001000000101?
1110001110001000000001
In base 12, what is -184554a0 + 2?
-1845549a
In base 16, what is 17de9 + -113?
17cd6
In base 14, what is -3542769 - -1?
-3542768
In base 12, what is 5 + 3ba65b?
3ba664
In base 11, what is 26533077 - 2?
26533075
In base 12, what is 11211b + -7?
112114
In base 5, what is 102141 - 3434?
43202
In base 16, what is 13fd - 166?
1297
In base 5, what is 230201041 + 112?
230201203
In base 10, what is 30 - 2726064?
-2726034
In base 14, what is ad + -133681?
-1335b2
In base 10, what is 3 + -257239?
-257236
In base 8, what is -320 - -27715?
27375
In base 13, what is 167b1 + 2378?
18b59
In base 7, what is -2 + -4222511065?
-4222511100
In base 14, what is 3a0a - 11b0?
283a
In base 11, what is 13074a36 - -1?
13074a37
In base 5, what is 0 + -11202020003?
-11202020003
In base 12, what is -bb9225 - -73?
-bb9172
In base 12, what is 321132b + -2?
3211329
In base 7, what is 3 + 44343124?
44343130
In base 10, what is -7 + -2191075?
-2191082
In base 6, what is 2002203334 - -4?
2002203342
In base 7, what is -5 + 20312101?
20312063
In base 9, what is 402855 + -24?
402831
In base 5, what is 24320322 - 242?
24320030
In base 2, what is 10001001011 - -10011101110110111?
10100000000000010
In base 13, what is 6 + 7202c2?
7202c8
In base 10, what is 5 - 2771358?
-2771353
In base 6, what is -341223330 - -5?
-341223321
In base 9, what is -1306 - 56188?
-57505
In base 6, what is -5 + 13054030?
13054021
In base 11, what is 719 + 19065?
19783
In base 15, what is -11bd35 - -4?
-11bd31
In base 12, what is -353 + -13b97?
-1432a
In base 14, what is 0 - ad37b3a?
-ad37b3a
In base 5, what is 343343 + 11420?
410313
In base 12, what is b222737 + -47?
b2226b0
In base 10, what is -826157999 - 1?
-826158000
In base 3, what is 10220121 + -2020202?
1122212
In base 16, what is 20fa77df - 2?
20fa77dd
In base 10, what is -1883418 + 2?
-1883416
In base 14, what is -107d971 - -46?
-107d929
In base 10, what is 5 - -27690850?
27690855
In base 4, what is -222012 - -21021232?
20133220
In base 4, what is 112112 + -102323?
3123
In base 3, what is 1002 - 1000222001001012?
-1000222001000010
In base 4, what is -111222102210 - -2?
-111222102202
In base 11, what is -44 + 6617a7a?
6617a36
In base 15, what is 4cc + 10e4?
15c1
In base 5, what is -220 + -1304010041?
-1304010311
In base 4, what is -3003323 - -3320?
-3000003
In base 16, what is c7be76 + -7?
c7be6f
In base 4, what is 303 + -31100312122?
-31100311213
In base 2, what is 1000100 - -10111101111100110011110?
10111101111100111100010
In base 13, what is 32 + 3041c7?
304229
In base 13, what is 2b + cb662?
cb690
In base 5, what is 10 + -32133111?
-32133101
In base 3, what is 22111221202210 - 2021?
22111221200112
In base 9, what is 232844 + 121?
233065
In base 2, what is 1 - -100110100011000101011?
100110100011000101100
In base 12, what is -35b02 - -136?
-35988
In base 11, what is 67 + -2a5902?
-2a5846
In base 3, what is -11000211200022 + -22?
-11000211200121
In base 3, what is 111100 - 112021222011?
-112021110211
In base 14, what is 7 + -2a1161c?
-2a11615
In base 4, what is -12310101322323 + 0?
-12310101322323
In base 11, what is 134a601 - -14?
134a615
In base 7, what is -1345105144 + -13?
-1345105160
In base 14, what is 2b56127 + 0?
2b56127
In base 9, what is 827626474 - 0?
827626474
In base 12, what is -3748a - -37?
-37453
In base 14, what is -1dd2589 + 2?
-1dd2587
In base 6, what is 431300455 - 5?
431300450
In base 6, what is 240141 - 504?
235233
In base 16, what is -8 + -6e2838?
-6e2840
In base 15, what is -87c6 - -406?
-83c0
In base 3, what is -1002001 + -10020221020?
-10022000021
In base 3, what is 10 + 101011202222221?
101011210000001
In base 12, what is 9017aa - 3?
9017a7
In base 10, what is 51218557 + 5?
51218562
In base 11, what is 3 + -103a3593?
-103a3590
In base 3, what is -10110201 + -11200002012?
-11210112220
In base 6, what is -2245333400 - -4?
-2245333352
In base 3, what is 102112020001002000 + -12?
102112020001001211
In base 14, what is 838b2b + -1?
838b2a
In base 3, what is -112210 + -1222212002?
-2000101212
In base 14, what is -12c6 + -3d57?
-523d
In base 10, what is -8 - -102741?
102733
In base 15, what is -c3b + -1480b?
-15547
In base 2, what is -100110101010000 - -1101011?
-100110011100101
In base 5, what is 3122 - -4021?
12143
In base 11, what is -228 + 101437?
10120a
In base 12, what is -72 + -78b45?
-78bb7
In base 12, what is 489894 + -3?
489891
In base 12, what is -200 + 163b1b?
16391b
In base 15, what is -21940 + 7d7?
-21158
In base 11, what is -2845 + 678?
-2178
In base 15, what is 1899ce - -447?
189e26
In base 8, what is 2 - 112614456?
-112614454
In base 12, what is 2492589 - 3?
2492586
In base 4, what is 1120222012 - -11?
1120222023
In base 3, what is 110112 - -11001101101?
11001211220
In base 13, what is -1232 - -1ca5?
a73
In base 3, what is -10012 - -210200011200?
210200001111
In base 14, what is 3 + 50298c?
502991
In base 16, what is -2f4a61 - 33?
-2f4a94
In base 16, what is -5 + 9f6d951?
9f6d94c
In base 8, what is -431553 - 200?
-431753
In base 15, what is 6b66 + 25?
6b8b
In base 16, what is 2113c + -1881?
1f8bb
In base 10, what is 162 - -696905?
697067
In base 2, what is 10101100 + -111101100101100?
-111101010000000
In base 4, what is 1302223011112 + 11?
1302223011123
In base 7, what is 102151636 - 4?
102151632
In base 2, what is 110000 + 100010011001101111110010?
100010011001110000100010
In base 4, what is -10331013013 - -13?
-10331013000
In base 13, what is -380 - -1b12?
1762
In base 16, what is 24 - 3e24d4?
-3e24b0
In base 8, what is 1314 - -1300341?
1301655
In base 11, what is 1801493 - 1a?
1801474
In base 13, what is 3150 - -11965?
14ab5
In base 16, what is 5b - -42b7c?
42bd7
In base 5, what is 224 + 1004333?
1010112
In base 9, what is 55 + 26437556?
26437622
In base 15, what is 2a4a + -83c?
220d
In base 5, what is -1220 - -1034132013?
1034130243
In base 15, what is -c8 - -40393?
402ba
In base 6, what is -3030 + 30145022?
30141552
In base 3, what is 2020111121001 + -112?
2020111120112
In base 12, what is -683b39 - 4b?
-683b88
In base 13, what is 11 - -354c1c?
354c30
In base 6, what is 114120115015 - -5?
114120115024
In base 12, what is -403 + -4221?
-4624
In base 3, what is -2012 + -21020100011220?
-21020100021002
In base 16, what is -249 - 132a0?
-134e9
In base 8, what is -15032 - 2014?
-17046
In base 10, what is -100103304 + -3?
-100103307
In base 5, what is 1323224 + 12?
1323241
In base 7, what is -4265 - 2432?
-10030
In base 14, what is -2 - 371c728?
-371c72a
In base 7, what is 431 - 1562120?
-1561356
In base 2, what is -10101110101010011001100 - 10100?
-10101110101010011100000
In base 4, what is -1222303311 + 122?
-1222303123
In base 10, what is -6795 + 102110?
95315
In base 10, what is -96063649 + -6?
-96063655
In base 9, what is -4673 - 10581?
-15364
In base 11, what is -2 + 900947?
900945
In base 11, what is -1a29 + 52748?
5081a
In base 13, what is -5138 - -1a42?
-33c6
In base 12, what is 8 - 85720?
-85714
In base 5, what is -12 + 3013010044?
3013010032
In base 10, what is 5 - 12436?
-12431
In base 12, what is -45004b + 4ab?
-44b760
In base 3, what is 120111210110 - -11001?
120111221111
In base 10, what is 375979 + 19?
375998
In base 13, what is 5 - -ca3405?
ca340a
In base 9, what is 106651 - 74?
106566
In base 9, what is 11476 + -222?
11254
In base 12, what is -126 - 76412?
-76538
In base 11, what is -3 + -799579?
-799581
In base 4, what is -21310223 - -32111?
-21212112
In base 4, what is -1100130 + -10211212?
-11312002
In base 16, what is -a9 - -44845?
4479c
In base 3, what is 11 - 1112022002200?
-1112022002112
In base 2, what is -10101001 - -1001100101010000111?
1001100100111011110
In base 7, what is -23152025 + -20?
-23152045
In base 2, what is 10000 + -1101000110110100001100001?
-1101000110110100001010001
In base 8, what is 4244 - 604753?
-600507
In base 9, what is 15 - 3367228?
-3367213
In base 14, what is -477 - 3d?
-4b6
In base 4, what is -11 + 10202110203?
10202110132
In base 8, what is -105153 + 1470?
-103463
In base 2, what is 101111 + -11010001110100?
-11010001000101
In base 6, what is 0 - -1450102242?
1450102242
In base 11, what is -4504700 + 1?
-45046aa
In base 11, what is 68 + -1043